{"id":355,"date":"2021-09-16T22:58:07","date_gmt":"2021-09-16T22:58:07","guid":{"rendered":"https:\/\/darkorchid-yak-541232.hostingersite.com\/?post_type=product&#038;p=355"},"modified":"2021-11-29T18:27:45","modified_gmt":"2021-11-29T18:27:45","slug":"honigmelonen","status":"publish","type":"product","link":"https:\/\/frischeorangen.com\/?product=honigmelonen","title":{"rendered":"Honigmelonen"},"content":{"rendered":"","protected":false},"excerpt":{"rendered":"<h3>Inhaltsstoffe: Unter anderem Kalium und Provitamin A<\/h3>\n<p>Die Honigmelone ist wie alle Melonen sehr wasserhaltig. Sie enth\u00e4lt etwa 12 Gramm Kohlenhydrate pro 100 Gramm und geh\u00f6rt zu den Zuckermelonen. Zu den Inhaltsstoffen der Fr\u00fcchte z\u00e4hlen au\u00dferdem Kalium und Provitamin A.\u00a0Kalium\u00a0erf\u00fcllt unter anderem Aufgaben im Nerven- und Muskelstoffwechsel. Provitamin A wird im K\u00f6rper zu\u00a0Vitamin A\u00a0umgewandelt. Weitere wertvolle Inhaltsstoffe sind\u00a0Vitamin C,\u00a0Kalzium,\u00a0Magnesium, Phosphor und Eisen.<\/p>\n","protected":false},"featured_media":356,"comment_status":"open","ping_status":"closed","template":"","meta":[],"product_brand":[],"product_cat":[19],"product_tag":[],"class_list":{"0":"post-355","1":"product","2":"type-product","3":"status-publish","4":"has-post-thumbnail","6":"product_cat-obst","8":"first","9":"instock","10":"shipping-taxable","11":"purchasable","12":"product-type-simple"},"_links":{"self":[{"href":"https:\/\/frischeorangen.com\/index.php?rest_route=\/wp\/v2\/product\/355","targetHints":{"allow":["GET"]}}],"collection":[{"href":"https:\/\/frischeorangen.com\/index.php?rest_route=\/wp\/v2\/product"}],"about":[{"href":"https:\/\/frischeorangen.com\/index.php?rest_route=\/wp\/v2\/types\/product"}],"replies":[{"embeddable":true,"href":"https:\/\/frischeorangen.com\/index.php?rest_route=%2Fwp%2Fv2%2Fcomments&post=355"}],"wp:featuredmedia":[{"embeddable":true,"href":"https:\/\/frischeorangen.com\/index.php?rest_route=\/wp\/v2\/media\/356"}],"wp:attachment":[{"href":"https:\/\/frischeorangen.com\/index.php?rest_route=%2Fwp%2Fv2%2Fmedia&parent=355"}],"wp:term":[{"taxonomy":"product_brand","embeddable":true,"href":"https:\/\/frischeorangen.com\/index.php?rest_route=%2Fwp%2Fv2%2Fproduct_brand&post=355"},{"taxonomy":"product_cat","embeddable":true,"href":"https:\/\/frischeorangen.com\/index.php?rest_route=%2Fwp%2Fv2%2Fproduct_cat&post=355"},{"taxonomy":"product_tag","embeddable":true,"href":"https:\/\/frischeorangen.com\/index.php?rest_route=%2Fwp%2Fv2%2Fproduct_tag&post=355"}],"curies":[{"name":"wp","href":"https:\/\/api.w.org\/{rel}","templated":true}]}}