{"id":352,"date":"2021-09-16T22:52:50","date_gmt":"2021-09-16T22:52:50","guid":{"rendered":"https:\/\/darkorchid-yak-541232.hostingersite.com\/?post_type=product&#038;p=352"},"modified":"2021-11-29T18:28:24","modified_gmt":"2021-11-29T18:28:24","slug":"wassermelonen","status":"publish","type":"product","link":"https:\/\/frischeorangen.com\/?product=wassermelonen","title":{"rendered":"Wassermelonen"},"content":{"rendered":"","protected":false},"excerpt":{"rendered":"<h2>Inhaltsstoffe der Wassermelone<\/h2>\n<p class=\"text\">Wassermelonen halten, was ihr Name verspricht: Sie bestehen zu \u00fcber 90 Prozent aus Wasser und eignen sich daher sogar als Durstl\u00f6scher. Weil sie dazu nur wenige Kalorien aufweisen, d\u00fcrfen auch Abnehmwillige zugreifen. An Vitaminen enth\u00e4lt die Wassermelone zum Beispiel\u00a0Vitamin C\u00a0und\u00a0Provitamin A.<i>\u00a0<\/i>Das Carotinoid Lycopin sorgt f\u00fcr die r\u00f6tliche F\u00e4rbung.<\/p>\n","protected":false},"featured_media":354,"comment_status":"open","ping_status":"closed","template":"","meta":[],"product_brand":[],"product_cat":[19],"product_tag":[],"class_list":{"0":"post-352","1":"product","2":"type-product","3":"status-publish","4":"has-post-thumbnail","6":"product_cat-obst","8":"first","9":"instock","10":"shipping-taxable","11":"purchasable","12":"product-type-simple"},"_links":{"self":[{"href":"https:\/\/frischeorangen.com\/index.php?rest_route=\/wp\/v2\/product\/352","targetHints":{"allow":["GET"]}}],"collection":[{"href":"https:\/\/frischeorangen.com\/index.php?rest_route=\/wp\/v2\/product"}],"about":[{"href":"https:\/\/frischeorangen.com\/index.php?rest_route=\/wp\/v2\/types\/product"}],"replies":[{"embeddable":true,"href":"https:\/\/frischeorangen.com\/index.php?rest_route=%2Fwp%2Fv2%2Fcomments&post=352"}],"wp:featuredmedia":[{"embeddable":true,"href":"https:\/\/frischeorangen.com\/index.php?rest_route=\/wp\/v2\/media\/354"}],"wp:attachment":[{"href":"https:\/\/frischeorangen.com\/index.php?rest_route=%2Fwp%2Fv2%2Fmedia&parent=352"}],"wp:term":[{"taxonomy":"product_brand","embeddable":true,"href":"https:\/\/frischeorangen.com\/index.php?rest_route=%2Fwp%2Fv2%2Fproduct_brand&post=352"},{"taxonomy":"product_cat","embeddable":true,"href":"https:\/\/frischeorangen.com\/index.php?rest_route=%2Fwp%2Fv2%2Fproduct_cat&post=352"},{"taxonomy":"product_tag","embeddable":true,"href":"https:\/\/frischeorangen.com\/index.php?rest_route=%2Fwp%2Fv2%2Fproduct_tag&post=352"}],"curies":[{"name":"wp","href":"https:\/\/api.w.org\/{rel}","templated":true}]}}