{"id":342,"date":"2021-09-16T22:25:58","date_gmt":"2021-09-16T22:25:58","guid":{"rendered":"https:\/\/darkorchid-yak-541232.hostingersite.com\/?post_type=product&#038;p=342"},"modified":"2025-08-18T20:43:49","modified_gmt":"2025-08-18T20:43:49","slug":"granatapfel","status":"publish","type":"product","link":"https:\/\/frischeorangen.com\/?product=granatapfel","title":{"rendered":"Granat\u00e4pfel"},"content":{"rendered":"","protected":false},"excerpt":{"rendered":"<h2>Inhaltsstoffe: Weniger Vitamin C als Viele denken<\/h2>\n<p class=\"text\">In der blutroten Frucht stecken Antioxidantien, wie Polyphenole, die als Radikalf\u00e4nger gelten. Granatapfelsaft soll mehr Antioxidantien enthalten als Rotwein oder Blaubeersaft. Dem Granatapfel wird eine hilfreiche Wirkung bei Herz-Kreislauf-Erkrankungen, chronischen Entz\u00fcndungsprozessen oder\u00a0Prostatakrebs\u00a0nachgesagt. Eindeutige wissenschaftliche Belege, die f\u00fcr Empfehlungen ausreichen, gibt es daf\u00fcr aber nicht. Gesund ist die exotische Frucht allemal. Granat\u00e4pfel enthalten\u00a0Kalium, das wichtig f\u00fcr\u00a0Muskeln, Herz und Nerven ist. Auch Spurenelemente wie\u00a0Eisen\u00a0geh\u00f6ren zu den Inhaltsstoffen, au\u00dferdem B-Vitamine. Der Vitamin-C-Gehalt ist geringer als oft angenommen. Der Tagesbedarf an\u00a0Vitamin C\u00a0f\u00fcr eine erwachsene Frau liegt bei 95 Milligramm. Den deckt in etwa ein gro\u00dfes Glas frisch gepresster Orangensaft, denn 100 Gramm Orange enthalten circa 45 Milligramm Vitamin C. Im Granatapfel stecken pro 100 Gramm gerade mal sieben Milligramm.<\/p>\n","protected":false},"featured_media":345,"comment_status":"open","ping_status":"closed","template":"","meta":[],"product_brand":[],"product_cat":[19],"product_tag":[],"class_list":{"0":"post-342","1":"product","2":"type-product","3":"status-publish","4":"has-post-thumbnail","6":"product_cat-obst","8":"first","9":"instock","10":"shipping-taxable","11":"purchasable","12":"product-type-variable","13":"has-default-attributes"},"_links":{"self":[{"href":"https:\/\/frischeorangen.com\/index.php?rest_route=\/wp\/v2\/product\/342","targetHints":{"allow":["GET"]}}],"collection":[{"href":"https:\/\/frischeorangen.com\/index.php?rest_route=\/wp\/v2\/product"}],"about":[{"href":"https:\/\/frischeorangen.com\/index.php?rest_route=\/wp\/v2\/types\/product"}],"replies":[{"embeddable":true,"href":"https:\/\/frischeorangen.com\/index.php?rest_route=%2Fwp%2Fv2%2Fcomments&post=342"}],"wp:featuredmedia":[{"embeddable":true,"href":"https:\/\/frischeorangen.com\/index.php?rest_route=\/wp\/v2\/media\/345"}],"wp:attachment":[{"href":"https:\/\/frischeorangen.com\/index.php?rest_route=%2Fwp%2Fv2%2Fmedia&parent=342"}],"wp:term":[{"taxonomy":"product_brand","embeddable":true,"href":"https:\/\/frischeorangen.com\/index.php?rest_route=%2Fwp%2Fv2%2Fproduct_brand&post=342"},{"taxonomy":"product_cat","embeddable":true,"href":"https:\/\/frischeorangen.com\/index.php?rest_route=%2Fwp%2Fv2%2Fproduct_cat&post=342"},{"taxonomy":"product_tag","embeddable":true,"href":"https:\/\/frischeorangen.com\/index.php?rest_route=%2Fwp%2Fv2%2Fproduct_tag&post=342"}],"curies":[{"name":"wp","href":"https:\/\/api.w.org\/{rel}","templated":true}]}}