{"id":332,"date":"2021-09-16T22:13:44","date_gmt":"2021-09-16T22:13:44","guid":{"rendered":"https:\/\/darkorchid-yak-541232.hostingersite.com\/?post_type=product&#038;p=332"},"modified":"2025-08-18T20:33:25","modified_gmt":"2025-08-18T20:33:25","slug":"clementinen","status":"publish","type":"product","link":"https:\/\/frischeorangen.com\/?product=clementinen","title":{"rendered":"Clementinen"},"content":{"rendered":"<p><strong><span class=\"fett\">Naturmedizin und Gesundheit\u00a0<\/span><\/strong>&#8211; Aufgrund des hohen Vitamingehaltes hervorragend zur St\u00e4rkung der k\u00f6rpereigenen Abwehrkr\u00e4fte geeignet, und aufgrund des Vitamin C-Gehaltes besonders zur Vorbeugung vor Erk\u00e4ltungskrankheiten. Mandarinen wirken k\u00fchlend, appetitanregend, durststillend, st\u00e4rken die Abwehr- und Leistungsf\u00e4higkeit und sind so exzellente &#8220;Fitmacher&#8221;.<\/p>\n","protected":false},"excerpt":{"rendered":"<h3>Inhaltsstoffe in Clementinen:<\/h3>\n<p>Provitamin A, Vitamin C, Mineralstoffe und reichlich Fruchtzucker.<\/p>\n","protected":false},"featured_media":626,"comment_status":"open","ping_status":"closed","template":"","meta":[],"product_brand":[],"product_cat":[35,19],"product_tag":[],"class_list":{"0":"post-332","1":"product","2":"type-product","3":"status-publish","4":"has-post-thumbnail","6":"product_cat-orangen","7":"product_cat-obst","9":"first","10":"instock","11":"shipping-taxable","12":"purchasable","13":"product-type-variable","14":"has-default-attributes"},"_links":{"self":[{"href":"https:\/\/frischeorangen.com\/index.php?rest_route=\/wp\/v2\/product\/332","targetHints":{"allow":["GET"]}}],"collection":[{"href":"https:\/\/frischeorangen.com\/index.php?rest_route=\/wp\/v2\/product"}],"about":[{"href":"https:\/\/frischeorangen.com\/index.php?rest_route=\/wp\/v2\/types\/product"}],"replies":[{"embeddable":true,"href":"https:\/\/frischeorangen.com\/index.php?rest_route=%2Fwp%2Fv2%2Fcomments&post=332"}],"wp:featuredmedia":[{"embeddable":true,"href":"https:\/\/frischeorangen.com\/index.php?rest_route=\/wp\/v2\/media\/626"}],"wp:attachment":[{"href":"https:\/\/frischeorangen.com\/index.php?rest_route=%2Fwp%2Fv2%2Fmedia&parent=332"}],"wp:term":[{"taxonomy":"product_brand","embeddable":true,"href":"https:\/\/frischeorangen.com\/index.php?rest_route=%2Fwp%2Fv2%2Fproduct_brand&post=332"},{"taxonomy":"product_cat","embeddable":true,"href":"https:\/\/frischeorangen.com\/index.php?rest_route=%2Fwp%2Fv2%2Fproduct_cat&post=332"},{"taxonomy":"product_tag","embeddable":true,"href":"https:\/\/frischeorangen.com\/index.php?rest_route=%2Fwp%2Fv2%2Fproduct_tag&post=332"}],"curies":[{"name":"wp","href":"https:\/\/api.w.org\/{rel}","templated":true}]}}